{"id":564,"date":"2024-12-11T11:23:55","date_gmt":"2024-12-11T11:23:55","guid":{"rendered":"https:\/\/storybuggies.pt\/booking\/?post_type=product&#038;p=564"},"modified":"2025-06-20T15:48:02","modified_gmt":"2025-06-20T15:48:02","slug":"bairrada-a-cultura-do-vinho-e-da-vinha","status":"publish","type":"product","link":"https:\/\/storybuggies.pt\/booking\/product\/bairrada-a-cultura-do-vinho-e-da-vinha\/","title":{"rendered":"Bairrada, A Cultura do vinho e da Vinha!"},"content":{"rendered":"<p class=\"has-small-font-size\">Um passeio por entre campos de vinhas da Bairrada, e os rios que descem da serra. Passagem pelo Baloi\u00e7o Maria Gomes e Miradouro do Monte Castro. Durante o percurso visita \u00e0 Rota da Bairrada, com prova de um espumante.<\/p>\n<div class=\"wp-block-column is-layout-flow wp-block-column-is-layout-flow\">\n<p class=\"has-text-dark-color has-text-color has-link-color has-small-font-size wp-elements-0f1d3a54b0047320658592e96941483d\"><strong>Caracter\u00edsticas gerais dos nossos passeios de Jipe:<\/strong><\/p>\n<ul class=\"wp-block-list has-text-dark-color has-text-color has-link-color has-small-font-size wp-elements-f37cbd861fcbaf67436820401aef4b8e\">\n<li>Os valores apresentados consideram o in\u00edcio em Anadia. Podemos ajustar o recolher do cliente nas localidades em redor, com lugar a ajustes no valor de acordo com o destino pretendido.<\/li>\n<li>Os valores apresentados dizem respeito \u00e0 lota\u00e7\u00e3o total, ou seja, ser\u00e1 o mesmo sejam 2 at\u00e9 6 pessoas.<\/li>\n<li>Sob consulta existe a possibilidade de integrar mais jipes para grupos mais numerosos.<\/li>\n<li>Inclui Seguro de Responsabilidade Civil, seguro de acidentes pessoais, guia profissional, a viagem de jipe, fotos<\/li>\n<li>Os valores apresentados j\u00e1 incluem IVA<\/li>\n<\/ul>\n<\/div>\n<p>&nbsp;<\/p>\n","protected":false},"excerpt":{"rendered":"<div class=\"wp-block-column is-layout-flow wp-block-column-is-layout-flow\">\n<div class=\"wp-block-column is-layout-flow wp-block-column-is-layout-flow\">\n<div class=\"wp-block-column is-layout-flow wp-block-column-is-layout-flow\">\n<div class=\"wp-block-column is-layout-flow wp-block-column-is-layout-flow\">\n<p class=\"has-text-dark-color has-text-color has-link-color wp-elements-7976e893a182937e99dd419fe8607443\">\u23f1\ufe0f\u00a0<strong>Dura\u00e7\u00e3o<\/strong>: 3h<\/p>\n<\/div>\n<div class=\"wp-block-column is-layout-flow wp-block-column-is-layout-flow\">\n<p class=\"has-text-dark-color has-text-color has-link-color wp-elements-8120e56b32771d63c61fbfa92c5a0ad5\"><strong>Valor por Jipe<br \/>\n<\/strong>(Capacidade at\u00e9 6 pessoas)<\/p>\n<\/div>\n<\/div>\n<\/div>\n<\/div>\n","protected":false},"featured_media":567,"template":"","meta":[],"product_brand":[],"product_cat":[158],"product_tag":[],"class_list":{"0":"post-564","1":"product","2":"type-product","3":"status-publish","4":"has-post-thumbnail","6":"product_cat-passeios-todo-terreno","8":"first","9":"instock","10":"taxable","11":"shipping-taxable","12":"purchasable","13":"product-type-simple"},"_links":{"self":[{"href":"https:\/\/storybuggies.pt\/booking\/wp-json\/wp\/v2\/product\/564","targetHints":{"allow":["GET"]}}],"collection":[{"href":"https:\/\/storybuggies.pt\/booking\/wp-json\/wp\/v2\/product"}],"about":[{"href":"https:\/\/storybuggies.pt\/booking\/wp-json\/wp\/v2\/types\/product"}],"wp:featuredmedia":[{"embeddable":true,"href":"https:\/\/storybuggies.pt\/booking\/wp-json\/wp\/v2\/media\/567"}],"wp:attachment":[{"href":"https:\/\/storybuggies.pt\/booking\/wp-json\/wp\/v2\/media?parent=564"}],"wp:term":[{"taxonomy":"product_brand","embeddable":true,"href":"https:\/\/storybuggies.pt\/booking\/wp-json\/wp\/v2\/product_brand?post=564"},{"taxonomy":"product_cat","embeddable":true,"href":"https:\/\/storybuggies.pt\/booking\/wp-json\/wp\/v2\/product_cat?post=564"},{"taxonomy":"product_tag","embeddable":true,"href":"https:\/\/storybuggies.pt\/booking\/wp-json\/wp\/v2\/product_tag?post=564"}],"curies":[{"name":"wp","href":"https:\/\/api.w.org\/{rel}","templated":true}]}}