{"id":492,"date":"2024-12-11T10:12:03","date_gmt":"2024-12-11T10:12:03","guid":{"rendered":"https:\/\/storybuggies.pt\/booking\/?post_type=product&#038;p=492"},"modified":"2025-06-20T15:26:50","modified_gmt":"2025-06-20T15:26:50","slug":"voucher-gift-passeio-de-buggy-com-experencia-equestre","status":"publish","type":"product","link":"https:\/\/storybuggies.pt\/booking\/product\/voucher-gift-passeio-de-buggy-com-experencia-equestre\/","title":{"rendered":"Voucher Gift <br> Passeio de buggy com exper\u00eancia equestre"},"content":{"rendered":"<p class=\"has-text-dark-color has-text-color has-link-color wp-elements-0f2499a8d505a7b57f7bd48ba9197bf2\"><strong>Descubra a combina\u00e7\u00e3o perfeita entre aventura e tranquilidade!<\/strong><\/p>\n<p class=\"has-text-dark-color has-text-color has-link-color wp-elements-67450ab6bd6cecb030499e70f5ccf55a\">Comece com um emocionante passeio de buggy e termine com uma experi\u00eancia \u00fanica em contacto com o mundo equestre com um passeio a cavalo. Natureza, adrenalina e conex\u00e3o \u2013 tudo numa s\u00f3 aventura!<\/p>\n","protected":false},"excerpt":{"rendered":"<div class=\"wp-block-column is-layout-flow wp-block-column-is-layout-flow\">\n<p class=\"has-text-dark-color has-text-color has-link-color wp-elements-7252bd55b28f5209f27e1f31bb3b3d00\">\u23f1\ufe0f\u00a0<strong>Dura\u00e7\u00e3o<\/strong>: 2h<\/p>\n<p>\ud83d\udc64 <strong>2 Pessoas<\/strong><\/p>\n<\/div>\n<p><span style=\"font-size: 16px;\"><strong>\u24d8\u00a0<\/strong>Ap\u00f3s a compra do seu gift voucher, ter\u00e1 12 meses para escolher a data da atividade, de acordo com o nosso calend\u00e1rio de disponibilidade.\u00a0<\/span><\/p>\n","protected":false},"featured_media":495,"template":"","meta":[],"product_brand":[],"product_cat":[155,77],"product_tag":[],"class_list":{"0":"post-492","1":"product","2":"type-product","3":"status-publish","4":"has-post-thumbnail","6":"product_cat-experiencias-360","7":"product_cat-voucher","9":"first","10":"instock","11":"taxable","12":"shipping-taxable","13":"purchasable","14":"product-type-variable"},"_links":{"self":[{"href":"https:\/\/storybuggies.pt\/booking\/wp-json\/wp\/v2\/product\/492","targetHints":{"allow":["GET"]}}],"collection":[{"href":"https:\/\/storybuggies.pt\/booking\/wp-json\/wp\/v2\/product"}],"about":[{"href":"https:\/\/storybuggies.pt\/booking\/wp-json\/wp\/v2\/types\/product"}],"wp:featuredmedia":[{"embeddable":true,"href":"https:\/\/storybuggies.pt\/booking\/wp-json\/wp\/v2\/media\/495"}],"wp:attachment":[{"href":"https:\/\/storybuggies.pt\/booking\/wp-json\/wp\/v2\/media?parent=492"}],"wp:term":[{"taxonomy":"product_brand","embeddable":true,"href":"https:\/\/storybuggies.pt\/booking\/wp-json\/wp\/v2\/product_brand?post=492"},{"taxonomy":"product_cat","embeddable":true,"href":"https:\/\/storybuggies.pt\/booking\/wp-json\/wp\/v2\/product_cat?post=492"},{"taxonomy":"product_tag","embeddable":true,"href":"https:\/\/storybuggies.pt\/booking\/wp-json\/wp\/v2\/product_tag?post=492"}],"curies":[{"name":"wp","href":"https:\/\/api.w.org\/{rel}","templated":true}]}}