{"id":486,"date":"2024-12-11T10:09:28","date_gmt":"2024-12-11T10:09:28","guid":{"rendered":"https:\/\/storybuggies.pt\/booking\/?post_type=product&#038;p=486"},"modified":"2025-06-20T15:23:13","modified_gmt":"2025-06-20T15:23:13","slug":"voucher-gift-explosao-de-culturas-e-sabores","status":"publish","type":"product","link":"https:\/\/storybuggies.pt\/booking\/product\/voucher-gift-explosao-de-culturas-e-sabores\/","title":{"rendered":"Voucher Gift <br> Explos\u00e3o de Culturas e Sabores!"},"content":{"rendered":"<p class=\"has-text-dark-color has-text-color has-link-color wp-elements-deeab847ddab08bd55e1eb3a2bcc223d\">A conjuga\u00e7\u00e3o de sabores orientais do Sushi, com a frescura, os aromas finos e a acidez dos espumantes da Bairrada, faz desta conjuga\u00e7\u00e3o de cultura gastron\u00f3mica e v\u00ednica um momento \u00fanico de prazer sensorial inserido num espa\u00e7o de refer\u00eancia na cidade de Anadia, a Espumanteria do Parque By Mr Joshi acrescenta toda a eleg\u00e2ncia e bem estar para um momento perfeito para duas pessoas.<\/p>\n<div class=\"wp-block-columns is-layout-flex wp-container-core-columns-is-layout-10 wp-block-columns-is-layout-flex\">\n<div class=\"wp-block-column is-layout-flow wp-block-column-is-layout-flow\">\n<p class=\"has-text-dark-color has-text-color has-link-color wp-elements-61e5f97ea581025d1fb9d4bf53240541\"><strong>Degusta\u00e7\u00e3o<\/strong>:<br \/>\nSushi Freestyle 24 Pe\u00e7as. Garrafa de Espumante da Bairrada<\/p>\n<\/div>\n<\/div>\n","protected":false},"excerpt":{"rendered":"<div class=\"wp-block-column is-layout-flow wp-block-column-is-layout-flow\">\n<p class=\"has-text-dark-color has-text-color has-link-color wp-elements-7252bd55b28f5209f27e1f31bb3b3d00\">\u23f1\ufe0f\u00a0<strong>Dura\u00e7\u00e3o<\/strong>:30m | 60m<\/p>\n<\/div>\n<p><span style=\"font-size: 16px;\"><strong>\u24d8\u00a0<\/strong>Ap\u00f3s a compra do seu gift voucher, ter\u00e1 12 meses para escolher a data da atividade, de acordo com o nosso calend\u00e1rio de disponibilidade.\u00a0<\/span><\/p>\n","protected":false},"featured_media":489,"template":"","meta":[],"product_brand":[],"product_cat":[155,77],"product_tag":[],"class_list":{"0":"post-486","1":"product","2":"type-product","3":"status-publish","4":"has-post-thumbnail","6":"product_cat-experiencias-360","7":"product_cat-voucher","9":"first","10":"instock","11":"taxable","12":"shipping-taxable","13":"purchasable","14":"product-type-variable"},"_links":{"self":[{"href":"https:\/\/storybuggies.pt\/booking\/wp-json\/wp\/v2\/product\/486","targetHints":{"allow":["GET"]}}],"collection":[{"href":"https:\/\/storybuggies.pt\/booking\/wp-json\/wp\/v2\/product"}],"about":[{"href":"https:\/\/storybuggies.pt\/booking\/wp-json\/wp\/v2\/types\/product"}],"wp:featuredmedia":[{"embeddable":true,"href":"https:\/\/storybuggies.pt\/booking\/wp-json\/wp\/v2\/media\/489"}],"wp:attachment":[{"href":"https:\/\/storybuggies.pt\/booking\/wp-json\/wp\/v2\/media?parent=486"}],"wp:term":[{"taxonomy":"product_brand","embeddable":true,"href":"https:\/\/storybuggies.pt\/booking\/wp-json\/wp\/v2\/product_brand?post=486"},{"taxonomy":"product_cat","embeddable":true,"href":"https:\/\/storybuggies.pt\/booking\/wp-json\/wp\/v2\/product_cat?post=486"},{"taxonomy":"product_tag","embeddable":true,"href":"https:\/\/storybuggies.pt\/booking\/wp-json\/wp\/v2\/product_tag?post=486"}],"curies":[{"name":"wp","href":"https:\/\/api.w.org\/{rel}","templated":true}]}}